 Let l(i) = -1. Let d(m) = -2*l(m) + s(m). Let f(p) = -4*p + 4. Let k(q) = 4*d(q) - f(q). Calculate k(t).
-12
Let g(n) be the third derivative of -1/120*n**6 + 0*n - 1/20*n**5 - 17*n**2 - 1/24*n**4 + 1/2*n**3 + 0. Calculate g(-3).
6
Let o(v) be the second derivative of -v**7/840 - v**6/60 + 7*v**5/120 + v**4/24 + 4*v**3/3 - 12*v. Let q(p) be the second derivative of o(p). Give q(-7).
1
Let r(h) = -3*h - 7. Let d(y) = -18*y - 36. Let t(w) = 2*d(w) - 11*r(w). What is t(8)?
-19
Suppose p + 3*p = 5*p. Let u(t) = -12*t**2 + 4 + 0*t**2 + p + t**3 - 4*t + 9*t**2. Calculate u(4).
4
Suppose -2*u - 12 = -x - 5*u, -5*x - u + 116 = 0. Suppose 0 = 2*t + t + d + x, 0 = -d. Let o(w) = 2*w + 5. Give o(t).
-11
Let b(s) = -s**3 - 6*s**2 + 9*s + 2. Suppose -12 - 9 = 3*n. Determine b(n).
-12
Let u(w) = 3*w**3 - 4*w**3 - w - 2 + 1. Suppose 4*o + 42 = -2453*p + 2448*p, 2*o + 16 = 0. What is u(p)?
9
Let v(n) = -n**3 + 4*n**2 - n - 2. Let r be v(3). Suppose -2*s = r - 8. Let o(t) = -2*t**2 + 16*t + 0*t**2 - 9*t + 1 + 3*t**s. Calculate o(-6).
-5
Let b(g) = -g**2 + 2*g - 1. Let y = 2029 + -2026. Calculate b(y).
-4
Let v(k) = -3*k - 5997 + 2*k + 6001. Determine v(0).
4
Let r(t) = -6*t**2 + 9*t + 2. Let b(s) = 6*s**2 - 8*s - 2. Let f(n) = -6*b(n) - 5*r(n). Give f(-1).
-7
Let s(d) = d**2 + 4*d - 3. Let z = 39 - 60. Let y be (-10)/30 + z/(-9). Determine s(y).
9
Let g(w) = -w + 15. Let n be 30/(-24)*48/(-10). What is g(n)?
9
Suppose -7*f + 12*f = 25. Suppose 8 = -f*r - 12. Let p be ((-10)/r)/((-3)/6). Let v(d) = -d**2 - 7*d - 6. What is v(p)?
4
Let z(k) = 4*k**3 - k**2 + k + 1. Suppose 0*q + q - a = 3, a - 13 = -3*q. Suppose -2*w = 2*y + w - q, -2*y - 2*w + 2 = 0. Calculate z(y).
-5
Let f be 5/3*(-2 - 4). Let x(q) = q**2 + 11*q + 14. Let y be x(f). Let c(r) = -r**3 + 5*r**2 - 3*r - 2. Let t be c(y). Let m(n) = -n - 1. Calculate m(t).
-3
Let k = -66 - -67. Let z(y) = 2*y**2 - 60*y + k + 61*y + 4*y**2 - y**2. What is z(-1)?
5
Let c(f) = 2*f**2 - f + 4. Let z(y) = y**3 + 20*y**2 + 7*y + 42. Let w(v) = 5*c(v) - z(v). What is w(-9)?
5
Let p(w) = 2*w - 2. Let v(o) = o**2 + 13*o - 15. Let c(a) = -5*p(a) + v(a). What is c(2)?
5
Let m(j) = 7*j**2. Suppose 0 = -4*w + 10*w - 108. Let k = w + -18. Let r be 1 + 2 - (k + 2). What is m(r)?
7
Let w(o) = -2*o + 3. Let d(b) = -2*b - 69 - 7*b + 68 - 3*b**2. Let j be d(-2). Determine w(j).
-7
Let s be (-21)/6*((-40)/14 - -2). Let o(p) = 5*p + 3. Determine o(s).
18
Let g(q) = -36*q - 11. Let r(k) = -44*k - 13. Let y(o) = 4*g(o) - 3*r(o). Calculate y(-1).
7
Suppose -3*q + 4 = -53. Suppose -q*m + 25*m + 6 = 0. Let l(x) = -3*x + 1. Determine l(m).
4
Suppose 2*m + 28 = -3*f, -m + 4*f = 9*f + 21. Let h(r) = -3*r + 1. Give h(m).
34
Suppose -840 + 812 = 7*d. Let g(r) = r**3 + 4*r**2 - r + 1. Determine g(d).
5
Let b(c) = c**3 - 7*c**2 - 2*c + 13. Let n be b(7). Let a be 2/4 - (-33)/(-6). Let x be n*2*a/10. Let f(y) = -10*y**2 + 2*y - 1. Determine f(x).
-9
Let k(g) be the first derivative of -g**3/3 - g**2 - 10. Suppose c - 5*h - 41 = -3*c, c - 4*h = 24. Suppose c*t - 5*t + 2 = 0. Give k(t).
-8
Let p(w) be the second derivative of w**5/60 - 5*w**4/24 + w**3/3 - w**2/2 - 2*w. Let c(y) be the first derivative of p(y). Give c(7).
16
Let t(g) = g**3 - 6*g**2 + 6. Suppose 5*w - y - 4 - 31 = 0, 3*y = -15. Suppose 10*a = 9*a + w. Calculate t(a).
6
Let s(l) = 2*l - 17. Let o = -62 - -70. Give s(o).
-1
Suppose -p - 27 = n - 0*p, -1 = -p. Let d be 2*(n/(-8) - 3). Let l(g) = 4*g**2 - g. Determine l(d).
3
Let t(m) = m**3 + 2*m**2 - m + 1. Let q be t(-2). Let a(y) = 9*y - 9. Let g(f) = -2*f + 2. Let u(j) = 5*a(j) + 21*g(j). What is u(q)?
6
Let x(v) = v**2 - 14*v - 92. Let t be x(19). Let g be t/1 + -7 + (0 - -1). Let y(z) be the first derivative of -z**4/4 - 4*z**3/3 - 2*z**2 - 4*z - 1. Give y(g).
-1
Let j(c) = -c**2 - 11*c - 37. Let o(w) = 3*w**2 + 31*w + 105. Let y(r) = 17*j(r) + 6*o(r). Let t be (-2 + 22/8)*4. What is y(t)?
7
Let g = 65 - 62. Let j(i) = 0*i**2 - i**3 - 1 - 5*i**2 - 1 + g*i**2. Calculate j(2).
-18
Let g(d) be the second derivative of 5*d**3/3 + 3*d**2/2 - 137*d. Calculate g(1).
13
Let r(f) = 4*f**2 - 19*f - 17. Let i = -6 + -9. Let o be i/3*9/(-15). Let x(d) = -2*d**2 + 9*d + 8. Let z(g) = o*r(g) + 7*x(g). Give z(5).
-15
Suppose -5*q - 5*s = 40, 8 = -4*q + 3*q + s. Let n(j) be the first derivative of -j**4/4 - 8*j**3/3 + j**2/2 + 11*j - 7. Calculate n(q).
3
Let t(a) = a**3 - 3*a**2 - a + 2. Let m be 9/(-45) + 1/5. Suppose -11*d + m = -33. Give t(d).
-1
Let o(p) = -3*p**2 - 8*p + 10. Let j(l) = 8*l**2 + 25*l - 31. Let w(x) = 4*j(x) + 11*o(x). What is w(10)?
6
Let l(v) = v**2 + 3*v - 4. Suppose 0 = -g + 4*r + 14, -3*r + 16 = 2*g + r. Suppose 4*o - g = -z, 3*o - 14 = -z - 4. Suppose q = -q - z. Calculate l(q).
6
Let r(p) = 0 + 0 + 0*p - p - 3. Suppose -8*n + 88 = 48. Determine r(n).
-8
Let i(g) = -g - 2. Let t be 22 + -22 + 17 + -1. Suppose 18*c - t*c = 6. What is i(c)?
-5
Let p(o) = 2*o + 19. Let v be 14/(-21)*18/(-4) - 17. What is p(v)?
-9
Let n(u) be the first derivative of u**2/2 + 8*u - 4. Let q = -110 - -110. Give n(q).
8
Let y(k) = -k**3 - 7*k**2 - 4*k + 8. Let l = -8 + 9. Let m(p) = 3*p**2 - 5*p**2 - p + l - 2*p + 2. Let t be m(-3). Give y(t).
-4
Let v(g) = -g**2 + g. Let z(h) = h**3 - 9*h**2 + 9*h - 4. Let t(l) = -6*v(l) + z(l). Suppose 66 = -u + 142. Let o = -73 + u. Give t(o).
5
Let x(c) = 3*c - 1. Let l(n) = -6*n - 10. Let q(y) = -12*y - 21. Let b(h) = 9*l(h) - 4*q(h). Let m be b(-7). Let i be ((-12)/m)/(1/(-12)). Give x(i).
11
Suppose -2*k + 4*w + 24 = 0, -k + 4*k = -w + 8. Let r(u) = 7*u - 9 - 8*u - k. What is r(-8)?
-5
Let o(l) = 0 + 1 + 3*l + 4 - 3 - l**2. Let f(w) be the third derivative of -w**5/60 + 7*w**4/24 - 7*w**3/6 + 5*w**2. Let g be f(5). Calculate o(g).
2
Let v be 33/18 + (-2)/(-12). Suppose -v*j + 2*n = 4, -3*j + 0*j = 3*n - 24. Let t(d) = -5*d**j + 0*d**3 + 7 + 4*d**3 - 5*d**2. Give t(-5).
7
Suppose -14 = 54*p - 52*p. Let l(a) = -a**3 - 6*a**2 + 7*a - 6. What is l(p)?
-6
Let j(z) = z + z + 3 + 9*z**2 - 14*z**2 - z**3 + 1 - 5*z. Calculate j(-3).
-5
Suppose -5*v + 35 = 2*a, 0*a + 5 = 2*v - a. Let w(b) = -3*b + 11. Give w(v).
-4
Let s(b) = -b**3 + 11*b**2 - 17*b - 11. Let q(x) = x + 5. Let o be q(4). Let k be s(o). Let i(m) = -m**2 + 4*m + 3. Calculate i(k).
-9
Let t(a) be the second derivative of -a**3/6 - 3*a**2 + 66*a. Calculate t(5).
-11
Let s be -1 + (-3 + -2 - -12). Let k(d) = -d. Let u(a) = -4. Let b be 1/2 - 3/2. Let g(w) = b*u(w) + k(w). Calculate g(s).
-2
Let c(n) be the third derivative of -7/6*n**3 + 0*n + 1/12*n**5 + 5*n**2 - 1/120*n**6 + 1/8*n**4 + 0. Determine c(5).
8
Let j(t) = 11*t**2 - 3*t - 16. Let o(f) = -4*f**2 + f + 5. Let u(n) = 3*j(n) + 8*o(n). Let z = 3 + -3. Suppose 0*l - 4*l = z. Calculate u(l).
-8
Let y be (174/(-406))/(6/(-28)). Suppose -4*w + 2*w = -12. Suppose 2*l - 1 = 4*k + 21, y*l = w. Let i(t) = -t - 2. What is i(k)?
2
Let t(f) = -3*f**2 + 9*f - 5. Let z(u) = -4*u**2 + 10*u - 6. Let y(d) = -5*t(d) + 4*z(d). What is y(-4)?
5
Let l(n) = 3 - 49871*n + 49867*n + 5*n**2 - 3*n**2 - n**2 + 5*n**2 - n**3. Determine l(2).
11
Let z(s) = -s**2 + 13*s - 10. Suppose -13*u = -51 - 53. Give z(u).
30
Let q(l) = l**3 - 3*l**2 - 3*l - 5. Let y be q(4). Let m(d) = -14*d**3 + 2*d**2 + 2*d. Determine m(y).
14
Let u(q) = -2*q + 18. Suppose -2 = -4*h + 2*d, -4*d + 0*d - 4 = -h. Determine u(h).
18
Let i be 3/(-2)*4/3. Let b(j) be the third derivative of -j**6/120 - j**5/30 - j**4/6 - j**3/3 + j**2. Give b(i).
6
Let k(v) = 3*v - 13. Let d = 35 - 31. Let s be k(d). Let y(w) = -w**2 - w. Let t(n) = 3*n**2 + 4*n - 1. Let h(r) = -t(r) - 5*y(r). Give h(s).
2
Let j be (-486)/54 + (-12)/3*-1. Let l(f) = -f**3 - 5*f**2 - 2*f - 8. Determine l(j).
2
Suppose -5*z - 24 = 6. Let o(n) be the second derivative of -2*n + 0 + 1/6*n**3 + 4*n**2. Determine o(z).
2
Suppose -6 = c - 4*c. Suppose 51 = c*d + d. Let h = -19 + d. Let l(t) = -t + 2. What is l(h)?
4
Let m(x) = -10*x + x**3 - x + 2*x + 9 - 6*x**2 + x. Let u(v) = -v**2 + 31*v - 23. Let a be u(30). What is m(a)?
2
Let z(q) = q**3 + q**2 - 2*q - 1. Suppose -19*x + 22*x - 9 = 0. Give z(x).
29
Suppose -m + 37 = 32. Suppose -3*v + 5*v - 12 = 0. Let a(p) = -p - 2*p + v - p**3 - 3*p + 6*p**2. Calculate a(m).
1
Suppose 130*b = 136*b. Let m(l) = l**2 - 5. What is m(b)?
-5
Let l(q) 